 digit of 22642?
2
What is the units digit of 474?
4
What is the units digit of 428?
8
What is the hundreds digit of 1541?
5
What is the units digit of 15838?
8
What is the thousands digit of 1039?
1
What is the units digit of 539?
9
What is the ten thousands digit of 20611?
2
What is the thousands digit of 47648?
7
What is the hundreds digit of 360?
3
What is the tens digit of 47508?
0
What is the tens digit of 6609?
0
What is the units digit of 2311?
1
What is the units digit of 7754?
4
What is the hundreds digit of 70460?
4
What is the thousands digit of 32366?
2
What is the thousands digit of 13646?
3
What is the units digit of 17898?
8
What is the thousands digit of 15225?
5
What is the hundreds digit of 987?
9
What is the tens digit of 7339?
3
What is the ten thousands digit of 45306?
4
What is the thousands digit of 3357?
3
What is the ten thousands digit of 15437?
1
What is the tens digit of 36884?
8
What is the hundred thousands digit of 122406?
1
What is the thousands digit of 7955?
7
What is the hundreds digit of 1019?
0
What is the hundreds digit of 3066?
0
What is the units digit of 668?
8
What is the ten thousands digit of 117649?
1
What is the thousands digit of 5248?
5
What is the tens digit of 11325?
2
What is the units digit of 92600?
0
What is the hundreds digit of 696?
6
What is the tens digit of 21122?
2
What is the units digit of 27736?
6
What is the hundreds digit of 166017?
0
What is the units digit of 795?
5
What is the units digit of 962?
2
What is the hundreds digit of 5927?
9
What is the tens digit of 684?
8
What is the thousands digit of 2326?
2
What is the tens digit of 4622?
2
What is the hundreds digit of 2646?
6
What is the ten thousands digit of 73380?
7
What is the hundreds digit of 29503?
5
What is the units digit of 101416?
6
What is the units digit of 44?
4
What is the hundreds digit of 467?
4
What is the tens digit of 523?
2
What is the units digit of 2779?
9
What is the ten thousands digit of 21987?
2
What is the units digit of 665?
5
What is the units digit of 95438?
8
What is the tens digit of 8186?
8
What is the units digit of 81347?
7
What is the units digit of 1152?
2
What is the units digit of 8692?
2
What is the thousands digit of 15603?
5
What is the hundreds digit of 1568?
5
What is the hundreds digit of 25531?
5
What is the tens digit of 1798?
9
What is the hundreds digit of 13100?
1
What is the thousands digit of 4351?
4
What is the units digit of 9113?
3
What is the tens digit of 48528?
2
What is the tens digit of 241?
4
What is the units digit of 4898?
8
What is the tens digit of 777?
7
What is the tens digit of 78020?
2
What is the units digit of 54?
4
What is the units digit of 1395?
5
What is the units digit of 9396?
6
What is the hundreds digit of 142703?
7
What is the ten thousands digit of 11924?
1
What is the units digit of 1810?
0
What is the hundreds digit of 12043?
0
What is the units digit of 5405?
5
What is the units digit of 21453?
3
What is the ten thousands digit of 16033?
1
What is the thousands digit of 19481?
9
What is the tens digit of 1210?
1
What is the tens digit of 1563?
6
What is the tens digit of 29685?
8
What is the thousands digit of 2195?
2
What is the ten thousands digit of 89219?
8
What is the tens digit of 68?
6
What is the thousands digit of 28139?
8
What is the units digit of 76?
6
What is the units digit of 114?
4
What is the hundreds digit of 1457?
4
What is the units digit of 54730?
0
What is the hundreds digit of 588?
5
What is the ten thousands digit of 19534?
1
What is the hundreds digit of 9752?
7
What is the hundreds digit of 2145?
1
What is the tens digit of 78462?
6
What is the tens digit of 9714?
1
What is the ten thousands digit of 107414?
0
What is the tens digit of 1313?
1
What is the thousands digit of 2803?
2
What is the tens digit of 1208?
0
What is the tens digit of 14074?
7
What is the tens digit of 4906?
0
What is the hundreds digit of 934?
9
What is the tens digit of 1814?
1
What is the hundreds digit of 21302?
3
What is the units digit of 2621?
1
What is the units digit of 5209?
9
What is the units digit of 3090?
0
What is the units digit of 27263?
3
What is the thousands digit of 22116?
2
What is the thousands digit of 5548?
5
What is the units digit of 45271?
1
What is the units digit of 5638?
8
What is the ten thousands digit of 13072?
1
What is the hundreds digit of 1278?
2
What is the hundreds digit of 296?
2
What is the hundreds digit of 28640?
6
What is the tens digit of 944?
4
What is the units digit of 3447?
7
What is the ten thousands digit of 50058?
5
What is the units digit of 1386?
6
What is the tens digit of 23?
2
What is the tens digit of 56087?
8
What is the hundreds digit of 2854?
8
What is the tens digit of 796?
9
What is the thousands digit of 2508?
2
What is the hundreds digit of 7940?
9
What is the ten thousands digit of 69835?
6
What is the hundreds digit of 950?
9
What is the thousands digit of 31452?
1
What is the tens digit of 54861?
6
What is the hundreds digit of 226?
2
What is the units digit of 2739?
9
What is the tens digit of 848?
4
What is the units digit of 1082?
2
What is the units digit of 84304?
4
What is the units digit of 4234?
4
What is the tens digit of 12493?
9
What is the units digit of 10589?
9
What is the tens digit of 27658?
5
What is the units digit of 84?
4
What is the tens digit of 27130?
3
What is the hundreds digit of 11632?
6
What is the ten thousands digit of 45563?
4
What is the thousands digit of 7460?
7
What is the units digit of 136626?
6
What is the tens digit of 509?
0
What is the thousands digit of 20763?
0
What is the thousands digit of 3160?
3
What is the hundreds digit of 2679?
6
What is the units digit of 1337?
7
What is the units digit of 1840?
0
What is the thousands digit of 8443?
8
What is the thousands digit of 2215?
2
What is the thousands digit of 186675?
6
What is the hundreds digit of 1890?
8
What is the hundreds digit of 5575?
5
What is the units digit of 3596?
6
What is the tens digit of 14097?
9
What is the tens digit of 33047?
4
What is the tens digit of 1475?
7
What is the thousands digit of 20177?
0
What is the tens digit of 42029?
2
What is the units digit of 453?
3
What is the tens digit of 64602?
0
What is the hundreds digit of 185035?
0
What is the units digit of 131258?
8
What is the hundreds digit of 16440?
4
What is the thousands digit of 1408?
1
What is the thousands digit of 22406?
2
What is the hundreds digit of 10732?
7
What is the tens digit of 9720?
2
What is the units digit of 4347?
7
What is the units digit of 8148?
8
What is the thousands digit of 1274?
1
What is the thousands digit of 8394?
8
What is the units digit of 5502?
2
What is the units digit of 3401?
1
What is the units digit of 540?
0
What is the hundreds digit of 45385?
3
What is the units digit of 2043?
3
What is the tens digit of 562?
6
What is the tens digit of 1517?
1
What is the hundreds digit of 149?
1
What is the units digit of 13262?
2
What is the thousands digit of 1923?
1
What is the tens digit of 953?
5
What is the hundreds digit of 14114?
1
What is the units digit of 40156?
6
What is the units digit of 28494?
4
What is the hundreds digit of 26201?
2
What is the thousands digit of 2899?
2
What is the tens digit of 6173?
7
What is the thousands digit of 1455?
1
What is the thousands digit of 3379?
3
What is the tens digit of 3065?
6
What is the tens digit of 4436?
3
What is the hundreds digit of 133952?
9
What is the tens digit of 1232?
3
What is the hundreds digit of 15831?
8
What is the tens digit of 5659?
5
What is the thousands digit of 3857?
3
What is the ten thousands digit of 174162?
7
What is the thousands digit of 2054?
2
What is the hundreds digit of 926?
9
What is the hundreds digit of 6426?
4
What is the units digit of 1150?
0
What is the tens digit of 989?
8
What is the hundreds digit of 8419?
4
What is the hundreds digit of 870?
8
What is the units digit of 3833?
3
What is the thousands digit of 36798?
6
What is the tens digit of 41188?
8
What is the units digit of 7132?
2
What is the tens digit of 237?
3
What is the units digit of 39512?
2
What is the tens digit of 544?
4
What is the ten thousands digit of 63397?
6
What is the hundreds digit of 83144?
1
